{"id":15,"date":"2015-04-10T21:57:22","date_gmt":"2015-04-10T19:57:22","guid":{"rendered":"http:\/\/andrea-m.at.server171-han.server-routing.com\/newhp\/?page_id=15"},"modified":"2026-04-16T20:12:49","modified_gmt":"2026-04-16T18:12:49","slug":"home","status":"publish","type":"page","link":"https:\/\/andrea-m.at\/","title":{"rendered":"Information"},"content":{"rendered":"\r\n\r\n\r\n<p style=\"text-align: center;\"><a href=\"https:\/\/andrea-m.at\/wp-content\/uploads\/2015\/08\/IMG_7806.jpg\"><img decoding=\"async\" loading=\"lazy\" class=\"alignnone  wp-image-325\" src=\"https:\/\/andrea-m.at\/wp-content\/uploads\/2015\/08\/IMG_7806-300x200.jpg\" alt=\"\" width=\"478\" height=\"335\"><\/a><\/p>\r\n<h1><em><strong>BETRIEBSNACHFOLGE gesucht !!!!!!!<\/strong><\/em><\/h1>\r\n<h3>&nbsp;<\/h3>\r\n<h3><em><strong>Nach \u00fcber 25 Jahren erfolgreicher T\u00e4tigkeit wird mein Modelabel \u201eandrea-m\u201c aus pers\u00f6nlichen Gr\u00fcnden<\/strong><\/em><\/h3>\r\n<h3><em><strong> in neue H\u00e4nde \u00fcbergeben.<\/strong><\/em><\/h3>\r\n<h3><em><strong>Das Unternehmen wurde von mir, Schneidermeisterin Andrea Preyhaupt aufgebaut und steht f\u00fcr exklusive Ma\u00dfanfertigungen, <\/strong><\/em><\/h3>\r\n<h3><em><strong>hochwertige Materialien, regionale&nbsp;Produktion und eine treue Stammkundschaft.<\/strong><\/em><\/h3>\r\n<h3><em><strong>Das Label \u201eandrea-m\u201c bietet:<\/strong><\/em><\/h3>\r\n<h3><em><strong>eine eingetragene, regional wie international anerkannte Marke<\/strong><\/em><\/h3>\r\n<h3><em><strong>hochwertige Ma\u00dfanfertigung mit Couture-Charakter (Braut- und Abendmode, Ballroben,<\/strong><\/em><\/h3>\r\n<h3><em><strong>Accessoires)<\/strong><\/em><\/h3>\r\n<h3><em><strong>einen voll ausgestatteten Meisterbetrieb am zentralen Standort in Klagenfurt<\/strong><\/em><\/h3>\r\n<h3><em><strong>einen etablierten Kundenstamm mit langj\u00e4hriger Bindung<\/strong><\/em><\/h3>\r\n<h3><em><strong>bestehende Kontakte zu Lieferanten (vorrangig europ\u00e4isch) und Partner<\/strong><\/em><\/h3>\r\n<h3><em><strong>Markenbekanntheit durch Presse, prominente Tr\u00e4gerinnen (u. a. Brigitte Nielsen), Galas und<\/strong><\/em><\/h3>\r\n<h3><em><strong>Modeschauen<\/strong><\/em><\/h3>\r\n<h3><em><strong>Immobilie:<\/strong><\/em><\/h3>\r\n<h3><em><strong>Die Gesch\u00e4ftsimmobilie ist im Eigentum der Unternehmerin<\/strong><\/em><\/h3>\r\n<h3><em><strong>79 qm mit vorgelagerten Arkaden<\/strong><\/em><\/h3>\r\n<h3><em><strong>Parkpl\u00e4tze \/ Kurzparkzone in der Umgebung<\/strong><\/em><\/h3>\r\n<h3><em><strong>Elektroanschluss zum Laden eines Elektrofahrzeugs ist vorhanden<\/strong><\/em><\/h3>\r\n<h3><em><strong>Kaufpreis \u00fcberschaubar<\/strong><\/em><\/h3>\r\n<h3><em><strong>Pachtl\u00f6sung ist auch denkbar<\/strong><\/em><\/h3>\r\n<h3><em><strong>Highlights &amp; Potenzial:<\/strong><\/em><\/h3>\r\n<h3><em><strong>Medienpr\u00e4senz in der Kleinen Zeitung, auf ORF, MeinBezirk.at u. v. m.<\/strong><\/em><\/h3>\r\n<h3><em><strong>Teilnahme am Weltkongress der Ma\u00dfschneider in Rom<\/strong><\/em><\/h3>\r\n<h3><em><strong>Ideal f\u00fcr Designer oder Unternehmer mit Sinn f\u00fcr Qualit\u00e4t, Stil und Handwerk<\/strong><\/em><\/h3>\r\n<h3><em><strong>M\u00f6glichkeit zur sanften \u00dcbergabe mit Know-how-Transfer durch die Gr\u00fcnderin<\/strong><\/em><\/h3>\r\n<h3>&nbsp;<\/h3>\r\n<h3><em><strong>\u201eandrea-m\u201c steht f\u00fcr Mode, Mut und Pers\u00f6nlichkeit \u2013 und bietet ein solides Fundament, <\/strong><\/em><\/h3>\r\n<h3><em><strong>um ein eigenes Modelabel auf h\u00f6chstem Niveau weiterzuf\u00fchren oder neu zu gestalten.<\/strong><\/em><\/h3>\r\n<h3>&nbsp;<\/h3>\r\n<h3><em><strong>Verkaufspreis &amp; \u00dcbergabemodalit\u00e4ten auf Anfrage.<\/strong><\/em><\/h3>\r\n<h3><em><strong>Ernsthafte Interessenten sind herzlich eingeladen, sich unverbindlich zu melden.<\/strong><\/em><\/h3>\r\n<h3>&nbsp;<\/h3>\r\n<p>&nbsp;<\/p>\r\n","protected":false},"excerpt":{"rendered":"<p>BETRIEBSNACHFOLGE gesucht !!!!!!! &nbsp; Nach \u00fcber 25 Jahren erfolgreicher T\u00e4tigkeit wird mein Modelabel \u201eandrea-m\u201c aus pers\u00f6nlichen Gr\u00fcnden in neue H\u00e4nde \u00fcbergeben. Das Unternehmen wurde von mir, Schneidermeisterin Andrea Preyhaupt aufgebaut und steht f\u00fcr exklusive Ma\u00dfanfertigungen, hochwertige Materialien, regionale&nbsp;Produktion und eine treue Stammkundschaft. Das Label \u201eandrea-m\u201c bietet: eine eingetragene, regional wie international anerkannte Marke hochwertige Ma\u00dfanfertigung&#8230;<\/p>\n","protected":false},"author":1,"featured_media":1341,"parent":0,"menu_order":0,"comment_status":"closed","ping_status":"closed","template":"","meta":{"ngg_post_thumbnail":0},"_links":{"self":[{"href":"https:\/\/andrea-m.at\/index.php?rest_route=\/wp\/v2\/pages\/15"}],"collection":[{"href":"https:\/\/andrea-m.at\/index.php?rest_route=\/wp\/v2\/pages"}],"about":[{"href":"https:\/\/andrea-m.at\/index.php?rest_route=\/wp\/v2\/types\/page"}],"author":[{"embeddable":true,"href":"https:\/\/andrea-m.at\/index.php?rest_route=\/wp\/v2\/users\/1"}],"replies":[{"embeddable":true,"href":"https:\/\/andrea-m.at\/index.php?rest_route=%2Fwp%2Fv2%2Fcomments&post=15"}],"version-history":[{"count":76,"href":"https:\/\/andrea-m.at\/index.php?rest_route=\/wp\/v2\/pages\/15\/revisions"}],"predecessor-version":[{"id":1842,"href":"https:\/\/andrea-m.at\/index.php?rest_route=\/wp\/v2\/pages\/15\/revisions\/1842"}],"wp:featuredmedia":[{"embeddable":true,"href":"https:\/\/andrea-m.at\/index.php?rest_route=\/wp\/v2\/media\/1341"}],"wp:attachment":[{"href":"https:\/\/andrea-m.at\/index.php?rest_route=%2Fwp%2Fv2%2Fmedia&parent=15"}],"curies":[{"name":"wp","href":"https:\/\/api.w.org\/{rel}","templated":true}]}}